t m be k(6). Suppose m = 3*f - f + 5*d - 12, 2*f - 40 = 2*d. What is the units digit of f?
6
Let b(x) = -x + 5. Let m be b(3). Suppose -172 = -2*d - m*d. What is the tens digit of d?
4
Let g(n) be the second derivative of -n**3/6 + 17*n**2/2 + 3*n. Let a be g(10). Suppose 11 = u + w, 3*u + w + a = 6*w. What is the units digit of u?
6
Let o(r) = -9*r - 3. What is the units digit of o(-1)?
6
Let j = 98 - -55. What is the tens digit of j?
5
Let g be (-1 + 0)*(2 - 0). Let s = 29 + -17. What is the tens digit of ((-88)/s)/(g/3)?
1
Let y = -14 + 13. What is the units digit of (y/(-2) + -1)*-34?
7
Suppose 0 = g + 3. What is the units digit of (g - 2)*7/(-5)?
7
Let r = 17 + -5. What is the tens digit of r?
1
Let z = 32 + -22. What is the units digit of z?
0
Suppose x - 2 = -2*z, -3*z + 5*x - 4 = 6. Suppose 5*o + 2 = -3*u + 83, u + 3 = z. Suppose -5*k + 3*k = -o. What is the units digit of k?
9
Let d = 35 - -9. Suppose 5*s - d = s. What is the tens digit of s?
1
What is the tens digit of (-2 + 3)*0 - -88?
8
Let l = -27 + 43. What is the tens digit of l?
1
Let j be -1*(15/3)/(-1). Suppose j*c = 1 + 4. Let r(g) = 6*g**2. What is the units digit of r(c)?
6
Let z(w) = 3*w**2 - 13*w + 7. What is the units digit of z(4)?
3
Let r(z) = z**3 + 9*z**2 + z + 9. Let u be r(-9). Let t(h) = 0*h + 1 - 4*h + 3*h. What is the units digit of t(u)?
1
Let i(a) = -a**3 - 7*a**2 - 7*a + 1. What is the units digit of i(-7)?
0
What is the units digit of (1 - (2 - -2))/((-9)/60)?
0
Suppose 0 = -3*a + 2*a - 9. What is the units digit of (49 - -1)/((-18)/a)?
5
Let s = -1 + -4. Let w = 2 + s. Let n(v) = -3*v - 3. What is the units digit of n(w)?
6
Let h(g) = g**3 + 7*g**2 - 2*g + 7. Let l(b) = -b**3 - 8*b**2 + 2*b - 8. Let m(w) = 7*h(w) + 6*l(w). Let p be (9/6)/((-6)/8). What is the units digit of m(p)?
1
Suppose 2 = x - 0. Let m(y) = 5 - 1 - x - y. What is the units digit of m(0)?
2
Let f = 6 + -1. Let b = -14 + 16. Let t = f - b. What is the units digit of t?
3
Let a(m) = 14*m**2 - 3*m + 2. Let o be a(3). Let r be o/21 + (-4)/6. Suppose 0 = -r*x + 3*d + d + 71, -10 = -x + 5*d. What is the units digit of x?
5
Let u be (-159)/(-33) + 4/22. Let p = -2 - -6. Suppose k - p*k = 3*s - 24, 4*k = -u*s + 38. What is the units digit of s?
6
Let x = 98 - 66. What is the tens digit of x?
3
What is the units digit of (-2)/(-3)*45/(-10) + 33?
0
What is the tens digit of 9/(-12)*(-2 + (-42)/1)?
3
Let x = 81 + 124. What is the tens digit of x?
0
Let z(j) = j**3 + 14*j**2 - 12*j + 13. Let g be z(-15). Let o = 14 - g. What is the tens digit of o?
4
Let f = 14 - 8. Suppose -3*d = -f - 0, -5*t = 5*d - 40. What is the units digit of t?
6
Suppose 2*c + 0*c + 3*h - 9 = 0, 4*c - 73 = 5*h. What is the tens digit of (-260)/(-14) - c/21?
1
Let o(c) = -c**2 - 10*c + 1. Let l = 5 + -14. What is the tens digit of o(l)?
1
Let y(p) = -p**2 + 4*p - 1. Let d be y(-4). Let x = -19 - d. What is the tens digit of x?
1
Suppose -9 = -3*j - 3*l, 3*j - l - 2 + 5 = 0. Suppose 3*g - g = 3*w + 78, -3*g - 9 = j. What is the units digit of (-4)/(-18) - w/36?
1
Suppose 109 = -5*l - 121. What is the tens digit of (-1)/2 - l/4?
1
Let m = 4 - 0. Let d = 7 - m. What is the units digit of 2/(d/(9/6))?
1
Let z(y) = -y**2 + 3*y - 2. Let q be z(2). Suppose q = -5*n + 5*p - 15, 4*n + 0*p + 8 = 3*p. What is the units digit of n?
1
Suppose -2*r = -r - 2. Suppose 26 - 2 = r*z. Suppose 2*h - z - 4 = 0. What is the units digit of h?
8
Let y(v) = v + 10. Let m be y(0). Let l = m + -8. What is the units digit of l?
2
What is the hundreds digit of 1 + 1 - (-150 + -1 + 7)?
1
Let n be 4/(-12)*18/(-1). What is the units digit of (-2)/n + 130/3?
3
What is the tens digit of 882/24 + 5 + 2/8?
4
Let k = -11 + 8. What is the units digit of 1/(k*(-3)/369)?
1
Suppose 2*k - 690 = r - 4*r, -5*r + 352 = k. What is the units digit of k?
2
Let g = -1 - -5. Suppose -g*d + 15 = -57. What is the units digit of d?
8
Let h be 1 - (2 + -1)/(-1). Suppose 0 = -s + i - 2 + 7, -i + 20 = 4*s. Let z = h + s. What is the units digit of z?
7
Let t = 18 - 13. Suppose -t*u + 1 = -9. Suppose 18 = u*g + 2. What is the units digit of g?
8
Let c = -145 + 219. Suppose -31 = -3*z + c. What is the tens digit of z?
3
What is the units digit of (-2 - (-12)/4) + 3?
4
Suppose 0 = -4*y - 4 - 0. Let s = y - -3. Suppose l - s*l = -4. What is the units digit of l?
4
Let g(z) = -z - 9. Let a be g(-9). Suppose -5*w + 30 = -a*w. What is the units digit of w?
6
Let z = -6 + 72. Let f = 111 - z. What is the units digit of f?
5
Let f be 70/4 - (-2)/4. Let u be (-4)/f - (-40)/18. Suppose -u*s = 3*j - 25, 5*s + 6*j - 4*j = 35. What is the units digit of s?
5
Let h(d) = -d**3 + 3*d**2 - 3*d - 2. Let g(s) = 6*s**3 - 16*s**2 + 16*s + 11. Let j(n) = 2*g(n) + 11*h(n). What is the units digit of j(1)?
1
Let z(k) = k**3 - 9*k**2 + 9*k - 5. Let c be z(8). Suppose 2*v + 22 = c*v. What is the tens digit of v?
2
Let m(l) = -l**2 - l - 1. Let v be m(4). Let x(k) = -k**3 - 3*k**2 + 4*k - 1. Let g be x(-3). Let u = g - v. What is the units digit of u?
8
Suppose 5*g - 376 = 4*u, 4*g + 3*u = -0*g + 307. Suppose j = 5*j - g. What is the tens digit of j?
1
Let n(x) = 2*x - 51. What is the units digit of n(30)?
9
Let p(x) be the first derivative of x**2/2 - x + 1. Let o be p(3). Suppose 0 = 4*b - 6*b + o. What is the units digit of b?
1
Let u(s) = 7*s**2 + 5*s + 1. Suppose -5*i - 4*d - 10 = 0, 0*i + 4 = -2*i + 5*d. What is the units digit of u(i)?
9
Let k(x) = 3*x**2 - 3*x - 2. Let q = 3 - -1. Let v = 7 - q. What is the tens digit of k(v)?
1
Let b = 9 - 11. Let k = b + 7. What is the units digit of k?
5
Let r = 1 - -8. Let y = -6 + r. Suppose -f + 26 = 3*z, 0*f = -f + y*z - 4. What is the tens digit of f?
1
Let v be -1 + (8 - 3) - 1. Suppose 125 = y + 4*y - v*o, 3*o = -y + 25. What is the tens digit of y?
2
Let o = 7 - 2. Suppose 0 = j - o*a + 14, -29 = -4*j + 3*a - 0*a. What is the units digit of j?
1
Let h = 28 - 35. Let j be 2/(-6) - (-28)/(-6). Let o = j - h. What is the units digit of o?
2
Let a = 8 - 4. Suppose -a*l = -37 + 9. Suppose 7 = -0*n + 3*n + o, -n - 5*o = -l. What is the units digit of n?
2
Let a(s) = -s**3 - 4*s**2 + 3*s. Let h be a(-5). Suppose -3*b + h = 4. What is the units digit of b/((-16)/(-7) - 2)?
7
Let w be 1*(0 + 13/1). Suppose 2*r - w = -3. Suppose -r*q = 4*o - 14 - 22, -q = -2*o - 10. What is the units digit of q?
8
Let v be (1 - 0)*1*8. Suppose 5*y - v = y. Suppose -3*u + 20 = y*u. What is the units digit of u?
4
Suppose -5*n + 38 = -2. Let i(a) = 2 + 1 + a - 9. What is the units digit of i(n)?
2
What is the tens digit of ((-3)/6)/((-142)/(-48) + -3)?
1
Let g(r) = 33*r**2 + 2. Let j be g(2). What is the tens digit of j/6 + 1/(-3)?
2
Let s(m) = m**2 + 9*m + 9. Let z = -21 + 13. What is the units digit of s(z)?
1
Let j be (76/(-6))/((-6)/(-18)). Let i be j/(-9) + 4/(-18). Suppose -4*f + 20 = i*q, q - 2*f - f = -3. What is the units digit of q?
3
Let u(c) = -3*c**3 + 5*c**2 - 3*c - 40. Let s(v) = v**3 - v**2 + v + 1. Let b(r) = -4*s(r) - u(r). What is the tens digit of b(0)?
3
Suppose -s + 18 = -2*s. What is the units digit of (-4)/18 - 256/s?
4
Let y be -5*(18/(-15))/1. Suppose -o + 50 = -y*o. What is the units digit of (-8)/10*25/o?
2
What is the hundreds digit of (-63)/(-6)*492/18?
2
Suppose 21*v - 16*v = 425. What is the tens digit of v?
8
Let l = -134 - -239. Suppose 3*u = -0*u + l. What is the units digit of u?
5
Let j be (32/40)/(2/10). Let r(k) = -k**2 + 4*k + 5. Let q be r(j). Let y = 6 - q. What is the units digit of y?
1
Suppose -4*q + k = -19, -2*k - 6 = -0. Suppose 2*t = -j + 4*j + 18, -q*j + 27 = 3*t. What is the units digit of t?
9
Let d = 0 - -32. What is the units digit of d?
2
Let w(i) = -18*i + 8. What is the tens digit of w(-4)?
8
Suppose 5*a = 10 + 30. Suppose -p = -2*i - 0*p + 5, -2*i + 4*p + a = 0. What is the units digit of i?
2
Let k = -61 + 85. What is the tens digit of k?
2
Suppose y + 23 = 4*d, -5*d + 20 = 2*y - 5*y. What is the units digit of d?
7
Let c = -280 - -443. What is the units digit of c?
3
Let c = -127 + 247. What is the units digit of c?
0
Suppose c + 5*r = 22, -3*r + 27 = 4*c + 7. Let y be c/(-3)*(-27)/6. Suppose y*p = -1 + 28. What is the units digit of p?
9
Suppose -9 - 6 = -3*c. What is the units digit of c?
5
Suppose -5*z = -13 + 63. Let